s) = -s**3 - 3*s**2 + 4*s + 4. Determine u(n).
4
Suppose 25*w - 21*w = 0. Let h(m) be the second derivative of 1/6*m**3 + m + w - 5*m**2. Calculate h(0).
-10
Let j(y) = -7*y**2 - 2*y + 1. Let g be (-5 - (-1 + -2))/(-2). Give j(g).
-8
Let z(c) = 7*c**2 - 4*c - 14. Let g(j) = -j**2 + 1. Suppose 0 + 3 = 3*n. Let v(u) = n*z(u) + 6*g(u). Determine v(6).
4
Let y = 15 - 11. Let v(r) = 195*r + 1 - 194*r + 0. Give v(y).
5
Suppose -4*p + 1 = -23. Let o(u) = -u**2 + 5*u + 7. Let r be o(p). Let n(t) = t**3 - t**2. Give n(r).
0
Let l(z) = z + 5. Let m(c) = -3*c - 10. Let y(t) = 7*l(t) + 3*m(t). Let a(g) = -3*g + 11. Let q(f) = 4*a(f) - 9*y(f). Determine q(2).
11
Let v(t) = -t**2 - 4*t + 5. Let s(z) = -z**2 - 7*z + 6. Let f be s(-7). Let u be (-1)/(-1) - f/(-2). Suppose -u*m - 4 = -0, -2*m + 8 = -2*j. Calculate v(j).
0
Let m(q) = -q - 8. Let x = -17 + 10. Calculate m(x).
-1
Let m(j) = -6*j - 1. Let k(i) = i**3 - 5*i**2 - 8*i + 6. Let q be k(6). Let w(f) = 6*f + 1 + 0 + 1 + f. Let h(a) = q*m(a) - 5*w(a). Determine h(0).
-4
Let h(a) = a**3 - 2*a**2 - 2*a - 1. Let v be (5 - -1)*8/3. Let i = v - -5. Let f be (-46)/(-14) - 6/i. Give h(f).
2
Let j(a) be the third derivative of a**5/60 + 5*a**4/24 + 7*a**3/6 + 6*a**2. Let m(d) = d + 1. Let z be m(-6). Calculate j(z).
7
Let r(k) = -k**2 - 1. Suppose 6 = -3*a + 15. Let o = a - 2. Let y(w) = -2*w**2 - 3. Let u(c) = o*y(c) - r(c). What is u(-2)?
-6
Let h(p) be the third derivative of -p**5/60 - 5*p**4/24 - 4*p**3/3 - 15*p**2. What is h(-6)?
-14
Let t(a) be the second derivative of -a**7/2520 - a**6/120 - a**5/120 + 2*a**4/3 + 4*a. Let z(u) be the third derivative of t(u). Determine z(-5).
4
Suppose 4*f = 2*f + 8. Let p(k) be the third derivative of 2*k**2 + 0 - 1/24*k**f + 1/6*k**3 + 0*k. What is p(0)?
1
Suppose -4 = -2*l, 0 = -0*p + 2*p - 4*l - 18. Let m = 7 - p. Let k(r) = -r**2 - 5*r + 1. Calculate k(m).
-5
Let w(y) = 9*y**2 - 8*y + 6. Let z(c) = 4*c**2 - 4*c + 3. Let g(n) = -3*w(n) + 7*z(n). Let j(h) = h**2 - 2*h**2 - 1 - 4 - 9*h. Let k be j(-8). Calculate g(k).
0
Let x(c) = -c**2 - 7*c - 1. Let b be x(-6). Let z(l) be the third derivative of 1/120*l**6 + 5*l**2 - 1/10*l**5 + 0 + 1/6*l**3 + 5/24*l**4 + 0*l. What is z(b)?
1
Let i(r) = -r**3 - 11*r**2 - 10*r - 2. Let v be i(-10). Let a(s) = -s. Let l(m) = -2*m + 1. Let w(p) = 2*a(p) - 2*l(p). Calculate w(v).
-6
Let d(k) = k**2 + k + 3. Suppose -5*p + 5*i = 20, -3*p - 3*i - 5 = 7. Let m(l) = 1. Let u(o) = p*m(o) + d(o). Calculate u(-3).
5
Suppose 0 = -4*d - 5*v + 21, -4*v = 2*d - 7 - 11. Let m(u) = 20*u**3 + 2*u**2 + 2*u + 1. What is m(d)?
-19
Let g = 1 - 4. Let d(f) be the second derivative of f**3/3 - f**2/2 + 21*f. Calculate d(g).
-7
Let m(i) = -i**3 + 1. Let y be m(0). Let g(n) = -n**2 - n. Give g(y).
-2
Let c(g) = 3*g + 3. Let j be c(-2). Let i(v) = 7*v. Let m(q) = q**2 - 17*q + 21. Let u be m(16). Let z(s) = 8*s - 1. Let k(t) = u*i(t) - 4*z(t). What is k(j)?
-5
Let j be (-1)/(3 + (-30)/9). Let b(u) = 0 + j*u + u - 2 - 2*u. Calculate b(4).
6
Let k(c) be the second derivative of -1/60*c**5 + 1/8*c**4 + 0 + 3/2*c**2 + c**3 + c. Let x(d) be the first derivative of k(d). What is x(5)?
-4
Let s(d) = -d**2 - 3*d - 2. Let c(u) = u**3 + 9*u**2 + 8*u - 4. Let q be c(-8). Calculate s(q).
-6
Let u(d) = -1 + 2 - 89*d + 86*d. Give u(-1).
4
Let r(b) = b**3 - 4*b**2 + b - 2. Suppose -11 = 3*o - 4*s, 5*s = -o + 5 + 23. Give r(o).
-8
Suppose -2*v - v = 0. Let p(o) = -o + 10. What is p(v)?
10
Let b(n) = 2*n + 1. Let s(g) = -7*g + g**3 - g - 6*g**2 + 0*g + 4. Let a be s(7). Give b(a).
-5
Let t(j) = 3*j + j - 5 - 4*j - j**3 + 6*j**2. Let m(x) = -2*x**3 + 3*x - 11 - 4*x + 10*x**2 + 3*x**2. Let g(l) = -3*m(l) + 7*t(l). Calculate g(4).
-6
Suppose 2*c = -v - 2, 2*c = 2 - 6. Let y(u) = -u**2 + 2 + 0 - u + 2*u**v. Let b = -1 + 1. Give y(b).
2
Let o(t) be the second derivative of -t**4/12 - t**3/6 - 5*t**2/2 - 23*t. Give o(-4).
-17
Let i = 5 + -2. Let j(z) be the second derivative of -z**7/2520 + z**6/180 - z**5/60 - z**4/12 - 2*z. Let s(k) be the third derivative of j(k). Calculate s(i).
1
Let m(j) = -j - 3. Let h = -18 - -12. Determine m(h).
3
Suppose 0 = p + 3*d + 3, 0 = -5*p + 4*d + 22 + 1. Suppose -10 = -3*v + p*z - 1, -2*v - 3*z = -21. Let g(y) = -y**2 + 7*y - 5. What is g(v)?
1
Suppose 0 = -6*b + 2*b + 8. Let w(d) = -2*d**b - 2 + 3 - 2*d**3 + d**3 + 5*d - 3. Determine w(-4).
10
Suppose -3*f + 4*m = -6*f + 15, -4*f + m + 1 = 0. Let b(g) = -4*g - 2. Let n be b(-2). Let q(a) = f + a - n + a. Give q(4).
3
Let g(v) = 0 + v - 2 + 1. Let u be g(6). Let y(t) = -2*t**2 + 6*t - 1. Let z(f) = -f**2 + 3*f - 1. Let l(x) = -3*y(x) + 5*z(x). Calculate l(u).
8
Suppose w = 2*w. Suppose 2*u - 3*i = -4*i - 7, 4*u + 5*i + 29 = w. Let a(j) = -10*j**3 + j**2 - 1. Give a(u).
10
Let s = 9 - 4. Let v(z) = -s*z + 3 + 4*z + z - z. Calculate v(3).
0
Let m(y) = -y**3 - 31*y**2 + 3. Let f be m(-31). Let u(w) = -w. Determine u(f).
-3
Let j(l) be the second derivative of 5/6*l**3 + 0 + 1/20*l**5 - 1/3*l**4 - 7*l - 3/2*l**2. What is j(3)?
3
Let y(a) = a**2 - 3*a - 1. Suppose -5*l = -5*u + 30, -4*u = -8*u - 5*l - 3. Suppose -u*k = 5*i - 4*i - 19, 2*k = -4*i + 26. What is y(i)?
3
Let u = -8 - -12. Let a be u/(-6) - (-1)/(-3). Let z be ((-4)/10)/(a/(-5)). Let n(w) = -2*w**3 - 3*w**2 - w - 1. Calculate n(z).
5
Let b(l) be the third derivative of l**6/120 - l**5/60 - l**4/12 - l**3/6 - 12*l**2. Give b(2).
-1
Let k(d) = -5*d. Let l be k(-1). Suppose 2*w + 2*s = w + 24, 5*w - 45 = 5*s. Suppose -w = 4*g - 5*v, -3 + l = v. Let m(z) = 3*z**2 + z + 1. Give m(g).
3
Let s(c) = -c**3 + c**2 + c + 3. Let l be (-1 + -1)/(4/(-6)). Calculate s(l).
-12
Let t be 2 - (-1)/(1/(-2)). Let u be (-6)/(-4) - 2/(-4). Let s(n) = -n**2 - 2 + 5 + u. What is s(t)?
5
Let f(c) = -1 + 0*c**2 - 5*c - c**2 - 2*c. Let m be (9 - 0)/((-33)/22). Determine f(m).
5
Let c(q) be the third derivative of -q**5/60 + q**4/8 - q**3/3 + 7*q**2. What is c(4)?
-6
Let b(t) = -t**2 + 8*t - 7. Let x(k) = -2*k**2 + 9*k - 7. Let a(w) = 3*b(w) - 2*x(w). Determine a(-6).
-7
Let d(m) = -3*m + 6. Let o(z) = -1. Let r(v) = 4. Let j = -6 - -7. Let a(s) = j*r(s) + 5*o(s). Let i(x) = 9*a(x) + d(x). Determine i(-2).
3
Let d(o) = -2*o**3 - 2*o**2 + 2*o - 1. Suppose -f - x + 4*x = -4, 0 = -4*f - 4*x. Determine d(f).
-3
Let z(l) be the second derivative of -l**5/20 - l**4/2 + 4*l**3/3 + 4*l**2 + 16*l. Determine z(-7).
1
Let i(y) = -11*y + 11*y + y**2 + y**3 + 9. Determine i(0).
9
Let t(y) = -y**3 - y**2 + y - 2. Suppose -4*r + 3 = -l, -4*r + 1 + 5 = 2*l. Suppose -l - 1 = -2*o. Let d be 1 + o/((-2)/6). Determine t(d).
0
Let c(f) be the third derivative of -1/24*f**4 + 0*f + 5*f**2 + 0 + f**3. What is c(6)?
0
Let s(m) = -3 - m**2 - 3*m + 2 + 8*m. Let a = -2 - 1. Let w = 2 - a. Give s(w).
-1
Suppose 4*s = -2*x, 0 = -2*x - 3*x - 5*s. Let d be 2/(-4)*(-4 - 2). Let b(i) = i - 3 + d + 2. Calculate b(x).
2
Let r(a) = 4 - 2 + 1 + 0 - a**3 - 7*a**2 - 5*a. Let g be r(-6). Let h = g - -5. Let k(j) = 2*j**2 - j + 1. Give k(h).
7
Let o(v) = 4*v - 12. Let l(b) = 3*b - 13. Let h(a) = 3*l(a) - 2*o(a). What is h(12)?
-3
Let j(i) be the first derivative of i + 1/3*i**3 - 5 + 2*i**2. What is j(-3)?
-2
Let j(k) = 4*k - 1. Let y be 12/(-4) - -1*6. Suppose 0 = -2*z + y - 1. Give j(z).
3
Let w(j) = 8 - 2*j + 7 - 7 + 3*j. Determine w(0).
8
Let i(p) = -p**3 + 4*p**2 + 4*p + 10. Let o be i(5). Suppose -5*c + 0*d - 4 = -d, -o = 4*c + d. Let u(r) = -4*r**2. Give u(c).
-4
Suppose 4*t + 34 = 5*v - 0*v, -t = 3*v. Let h(r) = 4*r - 1. Let i(y) = 5*y - 1. Let p(g) = -4*h(g) + 3*i(g). Determine p(t).
7
Let l(c) = -c + 11 - 2 + 0. Let u(h) = -2*h - 4. Let j be u(-3). Suppose 0 = j*s - w - 9, 5*w = 2*s + 3. Calculate l(s).
3
Let j(m) be the second derivative of m**3 - 3*m**2/2 + 30*m. Determine j(3).
15
Let z(q) = -q**2 + 4*q + 7. Let b be z(5). Let j(s) = -4*s**2 + 4*s - 2. What is j(b)?
-10
Let q(b) = 30 - 94*b + b**2 + 101*b - 30. Suppose -2*c - 7 = 5. Determine q(c).
-6
Let v(m) = -1 + 4*m**3 + 4*m**2 - 5*m + 2*m**3 + 0*m**3 - 5*m**3. Let s(z) = z**2 + 6*z - 5. Let j be s(-6). What is v(j)?
-1
Suppose v - 8 = -v. Suppose -n + v = 3*n. Let w be n + 7 - (-6)/(-3). Let f(c) = -c + 8. Calculate f(w).
2
Let r(v) = 2*v**3 - 11*v**2 - v - 1. Let n(o) = -o**3 + 5*o**2 + o + 1. Let g(x) = 5*n(x) + 2*r(x). Let p = 10 + -